{"id":2170,"date":"2024-01-07T19:59:54","date_gmt":"2024-01-07T18:59:54","guid":{"rendered":"https:\/\/www.blomberger-buendnis.org\/?page_id=2170"},"modified":"2024-01-11T09:52:15","modified_gmt":"2024-01-11T08:52:15","slug":"ueber-uns","status":"publish","type":"page","link":"https:\/\/www.blomberger-buendnis.org\/index.php\/ueber-uns\/","title":{"rendered":"\u00dcber uns"},"content":{"rendered":"\t\t<div data-elementor-type=\"wp-page\" data-elementor-id=\"2170\" class=\"elementor elementor-2170\">\n\t\t\t\t\t\t<section class=\"elementor-section elementor-top-section elementor-element elementor-element-0a113ab elementor-section-boxed elementor-section-height-default elementor-section-height-default\" data-id=\"0a113ab\" data-element_type=\"section\" data-e-type=\"section\">\n\t\t\t\t\t\t<div class=\"elementor-container elementor-column-gap-default\">\n\t\t\t\t\t<div class=\"elementor-column elementor-col-100 elementor-top-column elementor-element elementor-element-d8da6d8\" data-id=\"d8da6d8\" data-element_type=\"column\" data-e-type=\"column\">\n\t\t\t<div class=\"elementor-widget-wrap elementor-element-populated\">\n\t\t\t\t\t\t<div class=\"elementor-element elementor-element-89df607 elementor-widget elementor-widget-heading\" data-id=\"89df607\" data-element_type=\"widget\" data-e-type=\"widget\" data-widget_type=\"heading.default\">\n\t\t\t\t<div class=\"elementor-widget-container\">\n\t\t\t\t\t<h1 class=\"elementor-heading-title elementor-size-default\">Unsere B\u00fcndniserkl\u00e4rung<\/h1>\t\t\t\t<\/div>\n\t\t\t\t<\/div>\n\t\t\t\t<div class=\"elementor-element elementor-element-dc9c3aa elementor-widget elementor-widget-text-editor\" data-id=\"dc9c3aa\" data-element_type=\"widget\" data-e-type=\"widget\" data-widget_type=\"text-editor.default\">\n\t\t\t\t<div class=\"elementor-widget-container\">\n\t\t\t\t\t\t\t\t\t<ul><li>Wir wollen in einem Umfeld leben, in dem rechtsextreme und menschenfeindliche Ideologien keinen Platz haben.<\/li><li>Extrem rechte Strukturen breiten sich zunehmend in der gesellschaftlichen Mitte aus. Der l\u00e4ndliche Raum ist hierbei besonders gef\u00e4hrdet.<\/li><li>Durch Information und Vernetzung wollen wir die Dorfgemeinschaften sensibilisieren, st\u00e4rken und erhalten.<\/li><li>Wir wollen ein Verst\u00e4ndnis daf\u00fcr entwickeln, wie wir in Lippe leben m\u00f6chten.<\/li><li>Unser Ziel ist ein solidarischer, vorurteilsfreier und demokratischer Umgang miteinander.<\/li><\/ul>\t\t\t\t\t\t\t\t<\/div>\n\t\t\t\t<\/div>\n\t\t\t\t\t<\/div>\n\t\t<\/div>\n\t\t\t\t\t<\/div>\n\t\t<\/section>\n\t\t\t\t<section class=\"elementor-section elementor-top-section elementor-element elementor-element-b33161f elementor-section-boxed elementor-section-height-default elementor-section-height-default\" data-id=\"b33161f\" data-element_type=\"section\" data-e-type=\"section\">\n\t\t\t\t\t\t<div class=\"elementor-container elementor-column-gap-default\">\n\t\t\t\t\t<div class=\"elementor-column elementor-col-100 elementor-top-column elementor-element elementor-element-56f236b\" data-id=\"56f236b\" data-element_type=\"column\" data-e-type=\"column\">\n\t\t\t<div class=\"elementor-widget-wrap elementor-element-populated\">\n\t\t\t\t\t\t<div class=\"elementor-element elementor-element-2de2199 elementor-widget elementor-widget-spacer\" data-id=\"2de2199\" data-element_type=\"widget\" data-e-type=\"widget\" data-widget_type=\"spacer.default\">\n\t\t\t\t<div class=\"elementor-widget-container\">\n\t\t\t\t\t\t\t<div class=\"elementor-spacer\">\n\t\t\t<div class=\"elementor-spacer-inner\"><\/div>\n\t\t<\/div>\n\t\t\t\t\t\t<\/div>\n\t\t\t\t<\/div>\n\t\t\t\t<div class=\"elementor-element elementor-element-390cb6e elementor-widget elementor-widget-heading\" data-id=\"390cb6e\" data-element_type=\"widget\" data-e-type=\"widget\" data-widget_type=\"heading.default\">\n\t\t\t\t<div class=\"elementor-widget-container\">\n\t\t\t\t\t<h2 class=\"elementor-heading-title elementor-size-default\">Hintergrund zum \u201eBlomberger B\u00fcndnis\u201c<\/h2>\t\t\t\t<\/div>\n\t\t\t\t<\/div>\n\t\t\t\t<div class=\"elementor-element elementor-element-64975c8 elementor-widget elementor-widget-text-editor\" data-id=\"64975c8\" data-element_type=\"widget\" data-e-type=\"widget\" data-widget_type=\"text-editor.default\">\n\t\t\t\t<div class=\"elementor-widget-container\">\n\t\t\t\t\t\t\t\t\t<p>Das \u201eBlomberger B\u00fcndnis\u201c gr\u00fcndete sich im Juli 2023 als Reaktion auf den Versuch eines extrem rechten Influencers, in Tintrup ein Clubhaus f\u00fcr einen einschl\u00e4gig bekannten Motorradclub zu betreiben.<\/p><p>Es stellte sich in vielen bisherigen Gespr\u00e4chen heraus, dass der Informationsstand \u00fcber die rechte Szene sehr unterschiedlich ist. Aus Tintrup und den umliegenden D\u00f6rfern wurden Bef\u00fcrchtungen laut. Dazu z\u00e4hlen nicht nur zugeparkte Stra\u00dfen und L\u00e4rm, sondern auch die Entwertung der Immobilien. Gro\u00df ist die Sorge vor extrem rechter Einflussnahme auf Jugendliche. Hinzu kommt das Bedrohungs- und Gewaltpotenzial.<\/p><p>Die Ausbreitung der extremen Rechten in der Mitte der Gesellschaft muss gestoppt werden. Besorgniserregend ist die zunehmende Verrohung der Sprache mit der Folge gruppenbezogener Menschenfeindlichkeit. Es wird Zeit, den Taktiken und Erz\u00e4hlungen von extrem rechten Personen geschlossen entgegenzutreten, um eine gesellschaftliche Spaltung in unseren D\u00f6rfern zu verhindern.<\/p><p>Mit unserem \u00fcberparteilichen, zivilgesellschaftlichen B\u00fcndnis wollen wir gemeinsam unseren l\u00e4ndlichen Raum \u2013 auch \u00fcber Tintrup hinaus \u2013 st\u00e4rken.<\/p><p><strong>Wir gemeinsam als Blomberger B\u00fcndnis!<\/strong><\/p>\t\t\t\t\t\t\t\t<\/div>\n\t\t\t\t<\/div>\n\t\t\t\t\t<\/div>\n\t\t<\/div>\n\t\t\t\t\t<\/div>\n\t\t<\/section>\n\t\t\t\t<\/div>\n\t\t","protected":false},"excerpt":{"rendered":"<p>Unsere B\u00fcndniserkl\u00e4rung Wir wollen in einem Umfeld leben, in dem rechtsextreme und menschenfeindliche Ideologien keinen Platz haben. Extrem rechte Strukturen breiten sich zunehmend in der gesellschaftlichen Mitte aus. Der l\u00e4ndliche Raum ist hierbei besonders gef\u00e4hrdet. Durch Information und Vernetzung wollen wir die Dorfgemeinschaften sensibilisieren, st\u00e4rken und erhalten. Wir wollen ein [&hellip;]<\/p>\n","protected":false},"author":2,"featured_media":0,"parent":0,"menu_order":0,"comment_status":"closed","ping_status":"closed","template":"","meta":{"footnotes":""},"class_list":["post-2170","page","type-page","status-publish","hentry"],"_links":{"self":[{"href":"https:\/\/www.blomberger-buendnis.org\/index.php\/wp-json\/wp\/v2\/pages\/2170","targetHints":{"allow":["GET"]}}],"collection":[{"href":"https:\/\/www.blomberger-buendnis.org\/index.php\/wp-json\/wp\/v2\/pages"}],"about":[{"href":"https:\/\/www.blomberger-buendnis.org\/index.php\/wp-json\/wp\/v2\/types\/page"}],"author":[{"embeddable":true,"href":"https:\/\/www.blomberger-buendnis.org\/index.php\/wp-json\/wp\/v2\/users\/2"}],"replies":[{"embeddable":true,"href":"https:\/\/www.blomberger-buendnis.org\/index.php\/wp-json\/wp\/v2\/comments?post=2170"}],"version-history":[{"count":14,"href":"https:\/\/www.blomberger-buendnis.org\/index.php\/wp-json\/wp\/v2\/pages\/2170\/revisions"}],"predecessor-version":[{"id":2300,"href":"https:\/\/www.blomberger-buendnis.org\/index.php\/wp-json\/wp\/v2\/pages\/2170\/revisions\/2300"}],"wp:attachment":[{"href":"https:\/\/www.blomberger-buendnis.org\/index.php\/wp-json\/wp\/v2\/media?parent=2170"}],"curies":[{"name":"wp","href":"https:\/\/api.w.org\/{rel}","templated":true}]}}

Über uns

<div data-elementor-type="wp-page" data-elementor-id="2170" class="elementor elementor-2170">
						<section class="elementor-section elementor-top-section elementor-element elementor-element-0a113ab elementor-section-boxed elementor-section-height-default elementor-section-height-default" data-id="0a113ab" data-element_type="section" data-e-type="section">
						<div class="elementor-container elementor-column-gap-default">
					<div class="elementor-column elementor-col-100 elementor-top-column elementor-element elementor-element-d8da6d8" data-id="d8da6d8" data-element_type="column" data-e-type="column">
			<div class="elementor-widget-wrap elementor-element-populated">
						<div class="elementor-element elementor-element-89df607 elementor-widget elementor-widget-heading" data-id="89df607" data-element_type="widget" data-e-type="widget" data-widget_type="heading.default">
				<div class="elementor-widget-container">
					<h1 class="elementor-heading-title elementor-size-default">Unsere Bündniserklärung</h1>				</div>
				</div>
				<div class="elementor-element elementor-element-dc9c3aa elementor-widget elementor-widget-text-editor" data-id="dc9c3aa" data-element_type="widget" data-e-type="widget" data-widget_type="text-editor.default">
				<div class="elementor-widget-container">
									<ul><li>Wir wollen in einem Umfeld leben, in dem rechtsextreme und menschenfeindliche Ideologien keinen Platz haben.</li><li>Extrem rechte Strukturen breiten sich zunehmend in der gesellschaftlichen Mitte aus. Der ländliche Raum ist hierbei besonders gefährdet.</li><li>Durch Information und Vernetzung wollen wir die Dorfgemeinschaften sensibilisieren, stärken und erhalten.</li><li>Wir wollen ein Verständnis dafür entwickeln, wie wir in Lippe leben möchten.</li><li>Unser Ziel ist ein solidarischer, vorurteilsfreier und demokratischer Umgang miteinander.</li></ul>								</div>
				</div>
					</div>
		</div>
					</div>
		</section>
				<section class="elementor-section elementor-top-section elementor-element elementor-element-b33161f elementor-section-boxed elementor-section-height-default elementor-section-height-default" data-id="b33161f" data-element_type="section" data-e-type="section">
						<div class="elementor-container elementor-column-gap-default">
					<div class="elementor-column elementor-col-100 elementor-top-column elementor-element elementor-element-56f236b" data-id="56f236b" data-element_type="column" data-e-type="column">
			<div class="elementor-widget-wrap elementor-element-populated">
						<div class="elementor-element elementor-element-2de2199 elementor-widget elementor-widget-spacer" data-id="2de2199" data-element_type="widget" data-e-type="widget" data-widget_type="spacer.default">
				<div class="elementor-widget-container">
							<div class="elementor-spacer">
			<div class="elementor-spacer-inner"></div>
		</div>
						</div>
				</div>
				<div class="elementor-element elementor-element-390cb6e elementor-widget elementor-widget-heading" data-id="390cb6e" data-element_type="widget" data-e-type="widget" data-widget_type="heading.default">
				<div class="elementor-widget-container">
					<h2 class="elementor-heading-title elementor-size-default">Hintergrund zum „Blomberger Bündnis“</h2>				</div>
				</div>
				<div class="elementor-element elementor-element-64975c8 elementor-widget elementor-widget-text-editor" data-id="64975c8" data-element_type="widget" data-e-type="widget" data-widget_type="text-editor.default">
				<div class="elementor-widget-container">
									<p>Das „Blomberger Bündnis“ gründete sich im Juli 2023 als Reaktion auf den Versuch eines extrem rechten Influencers, in Tintrup ein Clubhaus für einen einschlägig bekannten Motorradclub zu betreiben.</p><p>Es stellte sich in vielen bisherigen Gesprächen heraus, dass der Informationsstand über die rechte Szene sehr unterschiedlich ist. Aus Tintrup und den umliegenden Dörfern wurden Befürchtungen laut. Dazu zählen nicht nur zugeparkte Straßen und Lärm, sondern auch die Entwertung der Immobilien. Groß ist die Sorge vor extrem rechter Einflussnahme auf Jugendliche. Hinzu kommt das Bedrohungs- und Gewaltpotenzial.</p><p>Die Ausbreitung der extremen Rechten in der Mitte der Gesellschaft muss gestoppt werden. Besorgniserregend ist die zunehmende Verrohung der Sprache mit der Folge gruppenbezogener Menschenfeindlichkeit. Es wird Zeit, den Taktiken und Erzählungen von extrem rechten Personen geschlossen entgegenzutreten, um eine gesellschaftliche Spaltung in unseren Dörfern zu verhindern.</p><p>Mit unserem überparteilichen, zivilgesellschaftlichen Bündnis wollen wir gemeinsam unseren ländlichen Raum – auch über Tintrup hinaus – stärken.</p><p><strong>Wir gemeinsam als Blomberger Bündnis!</strong></p>								</div>
				</div>
					</div>
		</div>
					</div>
		</section>
				</div>

<p>Unsere Bündniserklärung Wir wollen in einem Umfeld leben, in dem rechtsextreme und menschenfeindliche Ideologien keinen Platz haben. Extrem rechte Strukturen breiten sich zunehmend in der gesellschaftlichen Mitte aus. Der ländliche Raum ist hierbei besonders gefährdet. Durch Information und Vernetzung wollen wir die Dorfgemeinschaften sensibilisieren, stärken und erhalten. Wir wollen ein [&hellip;]</p>
